{"id":338,"date":"2025-01-20T17:14:29","date_gmt":"2025-01-20T17:14:29","guid":{"rendered":"https:\/\/husf.org.br\/residencia\/?page_id=338"},"modified":"2026-02-09T23:47:44","modified_gmt":"2026-02-09T23:47:44","slug":"prm-de-pediatria","status":"publish","type":"page","link":"https:\/\/husf.org.br\/residencia\/prm-de-pediatria\/","title":{"rendered":"Pediatria"},"content":{"rendered":"<style>.elementor-338 .elementor-element.elementor-element-fa9e8c3{margin-top:50px;margin-bottom:50px;padding:0px 0px 0px 0px;}.elementor-338 .elementor-element.elementor-element-eaf80f0 .elementor-button{font-size:20px;font-weight:600;text-decoration:none;fill:#FFFFFF;color:#FFFFFF;background-color:var( --e-global-color-872c058 );}.elementor-338 .elementor-element.elementor-element-eaf80f0 > .elementor-widget-container{margin:0px 0px 40px 0px;}.elementor-338 .elementor-element.elementor-element-4840fed{margin-top:50px;margin-bottom:50px;padding:0px 0px 0px 0px;}.elementor-338 .elementor-element.elementor-element-30eb78d .elementor-heading-title{font-size:20px;text-transform:uppercase;color:var( --e-global-color-872c058 );}.elementor-338 .elementor-element.elementor-element-bdfa81e .elementor-heading-title{font-size:20px;text-transform:uppercase;color:var( --e-global-color-872c058 );}.elementor-338 .elementor-element.elementor-element-fe5fd3e{margin-top:50px;margin-bottom:50px;padding:0px 0px 0px 0px;}.elementor-338 .elementor-element.elementor-element-ce333dd .elementor-heading-title{font-size:20px;text-transform:uppercase;color:var( --e-global-color-872c058 );}:root{--page-title-display:none;}@media(min-width:768px){.elementor-338 .elementor-element.elementor-element-a056fb8{width:43.246%;}.elementor-338 .elementor-element.elementor-element-030ed15{width:56.754%;}}<\/style>\t\t<div data-elementor-type=\"wp-page\" data-elementor-id=\"338\" class=\"elementor elementor-338\" data-elementor-post-type=\"page\">\n\t\t\t\t\t\t<section class=\"elementor-section elementor-top-section elementor-element elementor-element-fa9e8c3 elementor-section-boxed elementor-section-height-default elementor-section-height-default\" data-id=\"fa9e8c3\" data-element_type=\"section\" data-e-type=\"section\">\n\t\t\t\t\t\t<div class=\"elementor-container elementor-column-gap-default\">\n\t\t\t\t\t<div class=\"elementor-column elementor-col-50 elementor-top-column elementor-element elementor-element-a056fb8\" data-id=\"a056fb8\" data-element_type=\"column\" data-e-type=\"column\">\n\t\t\t<div class=\"elementor-widget-wrap elementor-element-populated\">\n\t\t\t\t\t\t<div class=\"elementor-element elementor-element-0bf7e6a elementor-widget elementor-widget-image\" data-id=\"0bf7e6a\" data-element_type=\"widget\" data-e-type=\"widget\" data-widget_type=\"image.default\">\n\t\t\t\t<div class=\"elementor-widget-container\">\n\t\t\t\t\t\t\t\t\t\t\t\t\t\t\t<img fetchpriority=\"high\" decoding=\"async\" width=\"800\" height=\"534\" src=\"https:\/\/husf.org.br\/residencia\/wp-content\/uploads\/2025\/01\/Hush-Pediatria-1024x683.jpg\" class=\"attachment-large size-large wp-image-341\" alt=\"\" srcset=\"https:\/\/husf.org.br\/residencia\/wp-content\/uploads\/2025\/01\/Hush-Pediatria-1024x683.jpg 1024w, https:\/\/husf.org.br\/residencia\/wp-content\/uploads\/2025\/01\/Hush-Pediatria-300x200.jpg 300w, https:\/\/husf.org.br\/residencia\/wp-content\/uploads\/2025\/01\/Hush-Pediatria-768x512.jpg 768w, https:\/\/husf.org.br\/residencia\/wp-content\/uploads\/2025\/01\/Hush-Pediatria.jpg 1190w\" sizes=\"(max-width: 800px) 100vw, 800px\" \/>\t\t\t\t\t\t\t\t\t\t\t\t\t\t\t<\/div>\n\t\t\t\t<\/div>\n\t\t\t\t\t<\/div>\n\t\t<\/div>\n\t\t\t\t<div class=\"elementor-column elementor-col-50 elementor-top-column elementor-element elementor-element-030ed15\" data-id=\"030ed15\" data-element_type=\"column\" data-e-type=\"column\">\n\t\t\t<div class=\"elementor-widget-wrap elementor-element-populated\">\n\t\t\t\t\t\t<div class=\"elementor-element elementor-element-eaf80f0 elementor-align-left elementor-widget elementor-widget-button\" data-id=\"eaf80f0\" data-element_type=\"widget\" data-e-type=\"widget\" data-widget_type=\"button.default\">\n\t\t\t\t<div class=\"elementor-widget-container\">\n\t\t\t\t\t\t\t\t\t<div class=\"elementor-button-wrapper\">\n\t\t\t\t\t<a class=\"elementor-button elementor-button-link elementor-size-sm\" href=\"https:\/\/www.aremg.org.br\/processos-atuais\">\n\t\t\t\t\t\t<span class=\"elementor-button-content-wrapper\">\n\t\t\t\t\t\t\t\t\t<span class=\"elementor-button-text\">INSCREVA-SE<\/span>\n\t\t\t\t\t<\/span>\n\t\t\t\t\t<\/a>\n\t\t\t\t<\/div>\n\t\t\t\t\t\t\t\t<\/div>\n\t\t\t\t<\/div>\n\t\t\t\t\t<\/div>\n\t\t<\/div>\n\t\t\t\t\t<\/div>\n\t\t<\/section>\n\t\t\t\t<section class=\"elementor-section elementor-top-section elementor-element elementor-element-4840fed elementor-section-boxed elementor-section-height-default elementor-section-height-default\" data-id=\"4840fed\" data-element_type=\"section\" data-e-type=\"section\">\n\t\t\t\t\t\t<div class=\"elementor-container elementor-column-gap-default\">\n\t\t\t\t\t<div class=\"elementor-column elementor-col-50 elementor-top-column elementor-element elementor-element-1773712\" data-id=\"1773712\" data-element_type=\"column\" data-e-type=\"column\">\n\t\t\t<div class=\"elementor-widget-wrap elementor-element-populated\">\n\t\t\t\t\t\t<div class=\"elementor-element elementor-element-30eb78d elementor-widget elementor-widget-heading\" data-id=\"30eb78d\" data-element_type=\"widget\" data-e-type=\"widget\" data-widget_type=\"heading.default\">\n\t\t\t\t<div class=\"elementor-widget-container\">\n\t\t\t\t\t<h2 class=\"elementor-heading-title elementor-size-default\">Supervis\u00e3o<\/h2>\t\t\t\t<\/div>\n\t\t\t\t<\/div>\n\t\t\t\t<div class=\"elementor-element elementor-element-b0b8cd2 elementor-widget elementor-widget-text-editor\" data-id=\"b0b8cd2\" data-element_type=\"widget\" data-e-type=\"widget\" data-widget_type=\"text-editor.default\">\n\t\t\t\t<div class=\"elementor-widget-container\">\n\t\t\t\t\t\t\t\t\t<p><strong>Supervisor:<\/strong> L\u00edvia Cataldi Dami\u00e3o<br \/><strong>Suplente de supervisor:<\/strong> Vanessa Carvalho Machado<\/p>\t\t\t\t\t\t\t\t<\/div>\n\t\t\t\t<\/div>\n\t\t\t\t\t<\/div>\n\t\t<\/div>\n\t\t\t\t<div class=\"elementor-column elementor-col-50 elementor-top-column elementor-element elementor-element-fcb79ef\" data-id=\"fcb79ef\" data-element_type=\"column\" data-e-type=\"column\">\n\t\t\t<div class=\"elementor-widget-wrap elementor-element-populated\">\n\t\t\t\t\t\t<div class=\"elementor-element elementor-element-bdfa81e elementor-widget elementor-widget-heading\" data-id=\"bdfa81e\" data-element_type=\"widget\" data-e-type=\"widget\" data-widget_type=\"heading.default\">\n\t\t\t\t<div class=\"elementor-widget-container\">\n\t\t\t\t\t<h2 class=\"elementor-heading-title elementor-size-default\">Especialidade de Pediatria<\/h2>\t\t\t\t<\/div>\n\t\t\t\t<\/div>\n\t\t\t\t<div class=\"elementor-element elementor-element-6e54945 elementor-widget elementor-widget-text-editor\" data-id=\"6e54945\" data-element_type=\"widget\" data-e-type=\"widget\" data-widget_type=\"text-editor.default\">\n\t\t\t\t<div class=\"elementor-widget-container\">\n\t\t\t\t\t\t\t\t\t<p><span style=\"color: #000000;\"><b>Matriz de compet\u00eancias<\/b><\/span><\/p><p><span style=\"color: #000000;\"><a style=\"color: #000000;\" href=\"https:\/\/husf.org.br\/residencia\/wp-content\/uploads\/2025\/01\/Matriz-de-Competencia-de-pediatria.pdf\" target=\"_blank\" rel=\"noopener\">ACESSAR MATRIZ DE COMPET\u00caNCIAS<\/a><\/span><\/p>\t\t\t\t\t\t\t\t<\/div>\n\t\t\t\t<\/div>\n\t\t\t\t\t<\/div>\n\t\t<\/div>\n\t\t\t\t\t<\/div>\n\t\t<\/section>\n\t\t\t\t<section class=\"elementor-section elementor-top-section elementor-element elementor-element-fe5fd3e elementor-section-boxed elementor-section-height-default elementor-section-height-default\" data-id=\"fe5fd3e\" data-element_type=\"section\" data-e-type=\"section\">\n\t\t\t\t\t\t<div class=\"elementor-container elementor-column-gap-default\">\n\t\t\t\t\t<div class=\"elementor-column elementor-col-100 elementor-top-column elementor-element elementor-element-ddf0128\" data-id=\"ddf0128\" data-element_type=\"column\" data-e-type=\"column\">\n\t\t\t<div class=\"elementor-widget-wrap elementor-element-populated\">\n\t\t\t\t\t\t<div class=\"elementor-element elementor-element-ce333dd elementor-widget elementor-widget-heading\" data-id=\"ce333dd\" data-element_type=\"widget\" data-e-type=\"widget\" data-widget_type=\"heading.default\">\n\t\t\t\t<div class=\"elementor-widget-container\">\n\t\t\t\t\t<h2 class=\"elementor-heading-title elementor-size-default\">OBJETIVOS GERAIS<\/h2>\t\t\t\t<\/div>\n\t\t\t\t<\/div>\n\t\t\t\t<div class=\"elementor-element elementor-element-6031ace elementor-widget elementor-widget-text-editor\" data-id=\"6031ace\" data-element_type=\"widget\" data-e-type=\"widget\" data-widget_type=\"text-editor.default\">\n\t\t\t\t<div class=\"elementor-widget-container\">\n\t\t\t\t\t\t\t\t\t<p style=\"text-align: justify;\">O objetivo geral do PRM de Pediatria \u00e9 formar pediatras que sejam capazes de:<\/p><ul><li style=\"text-align: justify;\"><strong>Prover cuidado integral \u00e0 crian\u00e7a e ao adolescente:<\/strong> capacitar o m\u00e9dico para oferecer cuidados abrangentes e continuados que atendam \u00e0s necessidades f\u00edsicas, emocionais e sociais de crian\u00e7as e adolescentes em diferentes est\u00e1gios de desenvolvimento.<br \/><br \/><\/li><li><strong>Desenvolver compet\u00eancias em diagn\u00f3stico e tratamento:<\/strong> ensinar o m\u00e9dico a diagnosticar e tratar eficazmente uma ampla gama de condi\u00e7\u00f5es pedi\u00e1tricas, utilizando abordagens baseadas em evid\u00eancias e pr\u00e1ticas atualizadas.<br \/><br \/><\/li><li><strong>Fomentar habilidades de comunica\u00e7\u00e3o emp\u00e1tica:<\/strong> preparar o m\u00e9dico para se comunicar de forma clara e emp\u00e1tica com crian\u00e7as, adolescentes e suas fam\u00edlias, garantindo que todas as partes compreendam o plano de cuidado. Preparar o m\u00e9dico para atuar de forma eficaz em um ambiente em constante transforma\u00e7\u00e3o social, cultural e cient\u00edfica, com habilidade para buscar ativamente novos conhecimentos.<br \/><br \/><\/li><li><strong>Promover a sa\u00fade e a preven\u00e7\u00e3o:<\/strong> capacitar o m\u00e9dico a implementar estrat\u00e9gias de promo\u00e7\u00e3o da sa\u00fade e preven\u00e7\u00e3o de doen\u00e7as, educando fam\u00edlias e comunidades sobre cuidados preventivos essenciais. Integrar pr\u00e1ticas \u00e9ticas e humanizadas: garantir que o m\u00e9dico opere com os mais altos padr\u00f5es \u00e9ticos, demonstrando empatia e respeito em todas as intera\u00e7\u00f5es, especialmente com crian\u00e7as e suas fam\u00edlias.<br \/><br \/><\/li><li><strong>Desenvolver capacidade de lideran\u00e7a e colabora\u00e7\u00e3o:<\/strong> preparar o m\u00e9dico para trabalhar efetivamente em equipes de sa\u00fade, assumindo pap\u00e9is de lideran\u00e7a quando necess\u00e1rio e promovendo um ambiente de trabalho colaborativo.<br \/><br \/><\/li><li><strong>O programa deve ser desenvolvido com complexidade crescente,<\/strong> priorizando metodologias ativas e estimulantes, de modo a incentivar a responsabilidade pela educa\u00e7\u00e3o m\u00e9dica cont\u00ednua e pr\u00e1tica dentro de um contexto \u00e9tico, legal e t\u00e9cnico de alto n\u00edvel.<\/li><\/ul>\t\t\t\t\t\t\t\t<\/div>\n\t\t\t\t<\/div>\n\t\t\t\t\t<\/div>\n\t\t<\/div>\n\t\t\t\t\t<\/div>\n\t\t<\/section>\n\t\t\t\t<\/div>\n\t\t","protected":false},"excerpt":{"rendered":"<p>INSCREVA-SE Supervis\u00e3o Supervisor: L\u00edvia Cataldi Dami\u00e3oSuplente de supervisor: Vanessa Carvalho Machado Especialidade de Pediatria Matriz de compet\u00eancias ACESSAR MATRIZ DE COMPET\u00caNCIAS OBJETIVOS GERAIS O objetivo geral do PRM de Pediatria \u00e9 formar pediatras que sejam capazes de: Prover cuidado integral \u00e0 crian\u00e7a e ao adolescente: capacitar o m\u00e9dico para oferecer cuidados abrangentes e continuados que [&hellip;]<\/p>\n","protected":false},"author":1,"featured_media":0,"parent":0,"menu_order":0,"comment_status":"closed","ping_status":"closed","template":"","meta":{"footnotes":""},"class_list":["post-338","page","type-page","status-publish","hentry"],"_links":{"self":[{"href":"https:\/\/husf.org.br\/residencia\/wp-json\/wp\/v2\/pages\/338","targetHints":{"allow":["GET"]}}],"collection":[{"href":"https:\/\/husf.org.br\/residencia\/wp-json\/wp\/v2\/pages"}],"about":[{"href":"https:\/\/husf.org.br\/residencia\/wp-json\/wp\/v2\/types\/page"}],"author":[{"embeddable":true,"href":"https:\/\/husf.org.br\/residencia\/wp-json\/wp\/v2\/users\/1"}],"replies":[{"embeddable":true,"href":"https:\/\/husf.org.br\/residencia\/wp-json\/wp\/v2\/comments?post=338"}],"version-history":[{"count":35,"href":"https:\/\/husf.org.br\/residencia\/wp-json\/wp\/v2\/pages\/338\/revisions"}],"predecessor-version":[{"id":927,"href":"https:\/\/husf.org.br\/residencia\/wp-json\/wp\/v2\/pages\/338\/revisions\/927"}],"wp:attachment":[{"href":"https:\/\/husf.org.br\/residencia\/wp-json\/wp\/v2\/media?parent=338"}],"curies":[{"name":"wp","href":"https:\/\/api.w.org\/{rel}","templated":true}]}}

<style>.elementor-338 .elementor-element.elementor-element-fa9e8c3{margin-top:50px;margin-bottom:50px;padding:0px 0px 0px 0px;}.elementor-338 .elementor-element.elementor-element-eaf80f0 .elementor-button{font-size:20px;font-weight:600;text-decoration:none;fill:#FFFFFF;color:#FFFFFF;background-color:var( --e-global-color-872c058 );}.elementor-338 .elementor-element.elementor-element-eaf80f0 > .elementor-widget-container{margin:0px 0px 40px 0px;}.elementor-338 .elementor-element.elementor-element-4840fed{margin-top:50px;margin-bottom:50px;padding:0px 0px 0px 0px;}.elementor-338 .elementor-element.elementor-element-30eb78d .elementor-heading-title{font-size:20px;text-transform:uppercase;color:var( --e-global-color-872c058 );}.elementor-338 .elementor-element.elementor-element-bdfa81e .elementor-heading-title{font-size:20px;text-transform:uppercase;color:var( --e-global-color-872c058 );}.elementor-338 .elementor-element.elementor-element-fe5fd3e{margin-top:50px;margin-bottom:50px;padding:0px 0px 0px 0px;}.elementor-338 .elementor-element.elementor-element-ce333dd .elementor-heading-title{font-size:20px;text-transform:uppercase;color:var( --e-global-color-872c058 );}:root{--page-title-display:none;}@media(min-width:768px){.elementor-338 .elementor-element.elementor-element-a056fb8{width:43.246%;}.elementor-338 .elementor-element.elementor-element-030ed15{width:56.754%;}}</style>		<div data-elementor-type="wp-page" data-elementor-id="338" class="elementor elementor-338" data-elementor-post-type="page">
						<section class="elementor-section elementor-top-section elementor-element elementor-element-fa9e8c3 elementor-section-boxed elementor-section-height-default elementor-section-height-default" data-id="fa9e8c3" data-element_type="section" data-e-type="section">
						<div class="elementor-container elementor-column-gap-default">
					<div class="elementor-column elementor-col-50 elementor-top-column elementor-element elementor-element-a056fb8" data-id="a056fb8" data-element_type="column" data-e-type="column">
			<div class="elementor-widget-wrap elementor-element-populated">
						<div class="elementor-element elementor-element-0bf7e6a elementor-widget elementor-widget-image" data-id="0bf7e6a" data-element_type="widget" data-e-type="widget" data-widget_type="image.default">
				<div class="elementor-widget-container">
															<img fetchpriority="high" decoding="async" width="800" height="534" src="https://husf.org.br/residencia/wp-content/uploads/2025/01/Hush-Pediatria-1024x683.jpg" class="attachment-large size-large wp-image-341" alt="" srcset="https://husf.org.br/residencia/wp-content/uploads/2025/01/Hush-Pediatria-1024x683.jpg 1024w, https://husf.org.br/residencia/wp-content/uploads/2025/01/Hush-Pediatria-300x200.jpg 300w, https://husf.org.br/residencia/wp-content/uploads/2025/01/Hush-Pediatria-768x512.jpg 768w, https://husf.org.br/residencia/wp-content/uploads/2025/01/Hush-Pediatria.jpg 1190w" sizes="(max-width: 800px) 100vw, 800px" />															</div>
				</div>
					</div>
		</div>
				<div class="elementor-column elementor-col-50 elementor-top-column elementor-element elementor-element-030ed15" data-id="030ed15" data-element_type="column" data-e-type="column">
			<div class="elementor-widget-wrap elementor-element-populated">
						<div class="elementor-element elementor-element-eaf80f0 elementor-align-left elementor-widget elementor-widget-button" data-id="eaf80f0" data-element_type="widget" data-e-type="widget" data-widget_type="button.default">
				<div class="elementor-widget-container">
									<div class="elementor-button-wrapper">
					<a class="elementor-button elementor-button-link elementor-size-sm" href="https://www.aremg.org.br/processos-atuais">
						<span class="elementor-button-content-wrapper">
									<span class="elementor-button-text">INSCREVA-SE</span>
					</span>
					</a>
				</div>
								</div>
				</div>
					</div>
		</div>
					</div>
		</section>
				<section class="elementor-section elementor-top-section elementor-element elementor-element-4840fed elementor-section-boxed elementor-section-height-default elementor-section-height-default" data-id="4840fed" data-element_type="section" data-e-type="section">
						<div class="elementor-container elementor-column-gap-default">
					<div class="elementor-column elementor-col-50 elementor-top-column elementor-element elementor-element-1773712" data-id="1773712" data-element_type="column" data-e-type="column">
			<div class="elementor-widget-wrap elementor-element-populated">
						<div class="elementor-element elementor-element-30eb78d elementor-widget elementor-widget-heading" data-id="30eb78d" data-element_type="widget" data-e-type="widget" data-widget_type="heading.default">
				<div class="elementor-widget-container">
					<h2 class="elementor-heading-title elementor-size-default">Supervisão</h2>				</div>
				</div>
				<div class="elementor-element elementor-element-b0b8cd2 elementor-widget elementor-widget-text-editor" data-id="b0b8cd2" data-element_type="widget" data-e-type="widget" data-widget_type="text-editor.default">
				<div class="elementor-widget-container">
									<p><strong>Supervisor:</strong> Lívia Cataldi Damião<br /><strong>Suplente de supervisor:</strong> Vanessa Carvalho Machado</p>								</div>
				</div>
					</div>
		</div>
				<div class="elementor-column elementor-col-50 elementor-top-column elementor-element elementor-element-fcb79ef" data-id="fcb79ef" data-element_type="column" data-e-type="column">
			<div class="elementor-widget-wrap elementor-element-populated">
						<div class="elementor-element elementor-element-bdfa81e elementor-widget elementor-widget-heading" data-id="bdfa81e" data-element_type="widget" data-e-type="widget" data-widget_type="heading.default">
				<div class="elementor-widget-container">
					<h2 class="elementor-heading-title elementor-size-default">Especialidade de Pediatria</h2>				</div>
				</div>
				<div class="elementor-element elementor-element-6e54945 elementor-widget elementor-widget-text-editor" data-id="6e54945" data-element_type="widget" data-e-type="widget" data-widget_type="text-editor.default">
				<div class="elementor-widget-container">
									<p><span style="color: #000000;"><b>Matriz de competências</b></span></p><p><span style="color: #000000;"><a style="color: #000000;" href="https://husf.org.br/residencia/wp-content/uploads/2025/01/Matriz-de-Competencia-de-pediatria.pdf" target="_blank" rel="noopener">ACESSAR MATRIZ DE COMPETÊNCIAS</a></span></p>								</div>
				</div>
					</div>
		</div>
					</div>
		</section>
				<section class="elementor-section elementor-top-section elementor-element elementor-element-fe5fd3e elementor-section-boxed elementor-section-height-default elementor-section-height-default" data-id="fe5fd3e" data-element_type="section" data-e-type="section">
						<div class="elementor-container elementor-column-gap-default">
					<div class="elementor-column elementor-col-100 elementor-top-column elementor-element elementor-element-ddf0128" data-id="ddf0128" data-element_type="column" data-e-type="column">
			<div class="elementor-widget-wrap elementor-element-populated">
						<div class="elementor-element elementor-element-ce333dd elementor-widget elementor-widget-heading" data-id="ce333dd" data-element_type="widget" data-e-type="widget" data-widget_type="heading.default">
				<div class="elementor-widget-container">
					<h2 class="elementor-heading-title elementor-size-default">OBJETIVOS GERAIS</h2>				</div>
				</div>
				<div class="elementor-element elementor-element-6031ace elementor-widget elementor-widget-text-editor" data-id="6031ace" data-element_type="widget" data-e-type="widget" data-widget_type="text-editor.default">
				<div class="elementor-widget-container">
									<p style="text-align: justify;">O objetivo geral do PRM de Pediatria é formar pediatras que sejam capazes de:</p><ul><li style="text-align: justify;"><strong>Prover cuidado integral à criança e ao adolescente:</strong> capacitar o médico para oferecer cuidados abrangentes e continuados que atendam às necessidades físicas, emocionais e sociais de crianças e adolescentes em diferentes estágios de desenvolvimento.<br /><br /></li><li><strong>Desenvolver competências em diagnóstico e tratamento:</strong> ensinar o médico a diagnosticar e tratar eficazmente uma ampla gama de condições pediátricas, utilizando abordagens baseadas em evidências e práticas atualizadas.<br /><br /></li><li><strong>Fomentar habilidades de comunicação empática:</strong> preparar o médico para se comunicar de forma clara e empática com crianças, adolescentes e suas famílias, garantindo que todas as partes compreendam o plano de cuidado. Preparar o médico para atuar de forma eficaz em um ambiente em constante transformação social, cultural e científica, com habilidade para buscar ativamente novos conhecimentos.<br /><br /></li><li><strong>Promover a saúde e a prevenção:</strong> capacitar o médico a implementar estratégias de promoção da saúde e prevenção de doenças, educando famílias e comunidades sobre cuidados preventivos essenciais. Integrar práticas éticas e humanizadas: garantir que o médico opere com os mais altos padrões éticos, demonstrando empatia e respeito em todas as interações, especialmente com crianças e suas famílias.<br /><br /></li><li><strong>Desenvolver capacidade de liderança e colaboração:</strong> preparar o médico para trabalhar efetivamente em equipes de saúde, assumindo papéis de liderança quando necessário e promovendo um ambiente de trabalho colaborativo.<br /><br /></li><li><strong>O programa deve ser desenvolvido com complexidade crescente,</strong> priorizando metodologias ativas e estimulantes, de modo a incentivar a responsabilidade pela educação médica contínua e prática dentro de um contexto ético, legal e técnico de alto nível.</li></ul>								</div>
				</div>
					</div>
		</div>
					</div>
		</section>
				</div>

<p>INSCREVA-SE Supervisão Supervisor: Lívia Cataldi DamiãoSuplente de supervisor: Vanessa Carvalho Machado Especialidade de Pediatria Matriz de competências ACESSAR MATRIZ DE COMPETÊNCIAS OBJETIVOS GERAIS O objetivo geral do PRM de Pediatria é formar pediatras que sejam capazes de: Prover cuidado integral à criança e ao adolescente: capacitar o médico para oferecer cuidados abrangentes e continuados que [&hellip;]</p>
