{"id":351,"date":"2025-01-20T17:20:59","date_gmt":"2025-01-20T17:20:59","guid":{"rendered":"https:\/\/husf.org.br\/residencia\/?page_id=351"},"modified":"2026-02-09T23:48:27","modified_gmt":"2026-02-09T23:48:27","slug":"prm-de-medicina-de-familia-e-comunidade","status":"publish","type":"page","link":"https:\/\/husf.org.br\/residencia\/prm-de-medicina-de-familia-e-comunidade\/","title":{"rendered":"Medicina de Fam\u00edlia e Comunidade"},"content":{"rendered":"<style>.elementor-351 .elementor-element.elementor-element-66dd4ff{margin-top:50px;margin-bottom:50px;padding:0px 0px 0px 0px;}.elementor-351 .elementor-element.elementor-element-06eb378 .elementor-button{font-size:20px;font-weight:600;text-decoration:none;fill:#FFFFFF;color:#FFFFFF;background-color:var( --e-global-color-872c058 );}.elementor-351 .elementor-element.elementor-element-06eb378 > .elementor-widget-container{margin:0px 0px 40px 0px;}.elementor-351 .elementor-element.elementor-element-07ec251{margin-top:50px;margin-bottom:50px;padding:0px 0px 0px 0px;}.elementor-351 .elementor-element.elementor-element-10cfa5f .elementor-heading-title{font-size:20px;text-transform:uppercase;color:var( --e-global-color-872c058 );}.elementor-351 .elementor-element.elementor-element-b8d4f8f .elementor-heading-title{font-size:20px;text-transform:uppercase;color:var( --e-global-color-872c058 );}.elementor-351 .elementor-element.elementor-element-3d3a7ed{margin-top:50px;margin-bottom:50px;padding:0px 0px 0px 0px;}.elementor-351 .elementor-element.elementor-element-5a5c973 .elementor-heading-title{font-size:20px;text-transform:uppercase;color:var( --e-global-color-872c058 );}:root{--page-title-display:none;}@media(min-width:768px){.elementor-351 .elementor-element.elementor-element-16329a1{width:43.246%;}.elementor-351 .elementor-element.elementor-element-e83d8b2{width:56.754%;}}<\/style>\t\t<div data-elementor-type=\"wp-page\" data-elementor-id=\"351\" class=\"elementor elementor-351\" data-elementor-post-type=\"page\">\n\t\t\t\t\t\t<section class=\"elementor-section elementor-top-section elementor-element elementor-element-66dd4ff elementor-section-boxed elementor-section-height-default elementor-section-height-default\" data-id=\"66dd4ff\" data-element_type=\"section\" data-e-type=\"section\">\n\t\t\t\t\t\t<div class=\"elementor-container elementor-column-gap-default\">\n\t\t\t\t\t<div class=\"elementor-column elementor-col-50 elementor-top-column elementor-element elementor-element-16329a1\" data-id=\"16329a1\" data-element_type=\"column\" data-e-type=\"column\">\n\t\t\t<div class=\"elementor-widget-wrap elementor-element-populated\">\n\t\t\t\t\t\t<div class=\"elementor-element elementor-element-6f575c3 elementor-widget elementor-widget-image\" data-id=\"6f575c3\" data-element_type=\"widget\" data-e-type=\"widget\" data-widget_type=\"image.default\">\n\t\t\t\t<div class=\"elementor-widget-container\">\n\t\t\t\t\t\t\t\t\t\t\t\t\t\t\t<img fetchpriority=\"high\" decoding=\"async\" width=\"800\" height=\"534\" src=\"https:\/\/husf.org.br\/residencia\/wp-content\/uploads\/2025\/01\/PRM-de-Medicina-de-Familia-e-Comunidade-1024x683.jpg\" class=\"attachment-large size-large wp-image-354\" alt=\"\" srcset=\"https:\/\/husf.org.br\/residencia\/wp-content\/uploads\/2025\/01\/PRM-de-Medicina-de-Familia-e-Comunidade-1024x683.jpg 1024w, https:\/\/husf.org.br\/residencia\/wp-content\/uploads\/2025\/01\/PRM-de-Medicina-de-Familia-e-Comunidade-300x200.jpg 300w, https:\/\/husf.org.br\/residencia\/wp-content\/uploads\/2025\/01\/PRM-de-Medicina-de-Familia-e-Comunidade-768x512.jpg 768w, https:\/\/husf.org.br\/residencia\/wp-content\/uploads\/2025\/01\/PRM-de-Medicina-de-Familia-e-Comunidade.jpg 1170w\" sizes=\"(max-width: 800px) 100vw, 800px\" \/>\t\t\t\t\t\t\t\t\t\t\t\t\t\t\t<\/div>\n\t\t\t\t<\/div>\n\t\t\t\t\t<\/div>\n\t\t<\/div>\n\t\t\t\t<div class=\"elementor-column elementor-col-50 elementor-top-column elementor-element elementor-element-e83d8b2\" data-id=\"e83d8b2\" data-element_type=\"column\" data-e-type=\"column\">\n\t\t\t<div class=\"elementor-widget-wrap elementor-element-populated\">\n\t\t\t\t\t\t<div class=\"elementor-element elementor-element-06eb378 elementor-align-left elementor-widget elementor-widget-button\" data-id=\"06eb378\" data-element_type=\"widget\" data-e-type=\"widget\" data-widget_type=\"button.default\">\n\t\t\t\t<div class=\"elementor-widget-container\">\n\t\t\t\t\t\t\t\t\t<div class=\"elementor-button-wrapper\">\n\t\t\t\t\t<a class=\"elementor-button elementor-button-link elementor-size-sm\" href=\"https:\/\/www.aremg.org.br\/processos-atuais\">\n\t\t\t\t\t\t<span class=\"elementor-button-content-wrapper\">\n\t\t\t\t\t\t\t\t\t<span class=\"elementor-button-text\">INSCREVA-SE<\/span>\n\t\t\t\t\t<\/span>\n\t\t\t\t\t<\/a>\n\t\t\t\t<\/div>\n\t\t\t\t\t\t\t\t<\/div>\n\t\t\t\t<\/div>\n\t\t\t\t\t<\/div>\n\t\t<\/div>\n\t\t\t\t\t<\/div>\n\t\t<\/section>\n\t\t\t\t<section class=\"elementor-section elementor-top-section elementor-element elementor-element-07ec251 elementor-section-boxed elementor-section-height-default elementor-section-height-default\" data-id=\"07ec251\" data-element_type=\"section\" data-e-type=\"section\">\n\t\t\t\t\t\t<div class=\"elementor-container elementor-column-gap-default\">\n\t\t\t\t\t<div class=\"elementor-column elementor-col-50 elementor-top-column elementor-element elementor-element-edddfcc\" data-id=\"edddfcc\" data-element_type=\"column\" data-e-type=\"column\">\n\t\t\t<div class=\"elementor-widget-wrap elementor-element-populated\">\n\t\t\t\t\t\t<div class=\"elementor-element elementor-element-10cfa5f elementor-widget elementor-widget-heading\" data-id=\"10cfa5f\" data-element_type=\"widget\" data-e-type=\"widget\" data-widget_type=\"heading.default\">\n\t\t\t\t<div class=\"elementor-widget-container\">\n\t\t\t\t\t<h2 class=\"elementor-heading-title elementor-size-default\">Supervis\u00e3o<\/h2>\t\t\t\t<\/div>\n\t\t\t\t<\/div>\n\t\t\t\t<div class=\"elementor-element elementor-element-db8e464 elementor-widget elementor-widget-text-editor\" data-id=\"db8e464\" data-element_type=\"widget\" data-e-type=\"widget\" data-widget_type=\"text-editor.default\">\n\t\t\t\t<div class=\"elementor-widget-container\">\n\t\t\t\t\t\t\t\t\t<p><strong>Supervisor:<\/strong> Marislene Pulsena Da Cunha Nunes<br \/><strong>Suplente de supervisor:<\/strong><\/p>\t\t\t\t\t\t\t\t<\/div>\n\t\t\t\t<\/div>\n\t\t\t\t\t<\/div>\n\t\t<\/div>\n\t\t\t\t<div class=\"elementor-column elementor-col-50 elementor-top-column elementor-element elementor-element-1bfc6da\" data-id=\"1bfc6da\" data-element_type=\"column\" data-e-type=\"column\">\n\t\t\t<div class=\"elementor-widget-wrap elementor-element-populated\">\n\t\t\t\t\t\t<div class=\"elementor-element elementor-element-b8d4f8f elementor-widget elementor-widget-heading\" data-id=\"b8d4f8f\" data-element_type=\"widget\" data-e-type=\"widget\" data-widget_type=\"heading.default\">\n\t\t\t\t<div class=\"elementor-widget-container\">\n\t\t\t\t\t<h2 class=\"elementor-heading-title elementor-size-default\">Especialidade de Medicina de Fam\u00edlia e Comunidade<\/h2>\t\t\t\t<\/div>\n\t\t\t\t<\/div>\n\t\t\t\t<div class=\"elementor-element elementor-element-439639c elementor-widget elementor-widget-text-editor\" data-id=\"439639c\" data-element_type=\"widget\" data-e-type=\"widget\" data-widget_type=\"text-editor.default\">\n\t\t\t\t<div class=\"elementor-widget-container\">\n\t\t\t\t\t\t\t\t\t<p><b>Matriz de compet\u00eancias<\/b><\/p><p><span style=\"color: #000000;\"><a style=\"color: #000000;\" href=\"https:\/\/husf.org.br\/residencia\/wp-content\/uploads\/2025\/01\/Matriz-Medicina-Familia-e-Comunidade-3.pdf\" target=\"_blank\" rel=\"noopener\">ACESSAR MATRIZ DE COMPET\u00caNCIAS<\/a><\/span><\/p>\t\t\t\t\t\t\t\t<\/div>\n\t\t\t\t<\/div>\n\t\t\t\t\t<\/div>\n\t\t<\/div>\n\t\t\t\t\t<\/div>\n\t\t<\/section>\n\t\t\t\t<section class=\"elementor-section elementor-top-section elementor-element elementor-element-3d3a7ed elementor-section-boxed elementor-section-height-default elementor-section-height-default\" data-id=\"3d3a7ed\" data-element_type=\"section\" data-e-type=\"section\">\n\t\t\t\t\t\t<div class=\"elementor-container elementor-column-gap-default\">\n\t\t\t\t\t<div class=\"elementor-column elementor-col-100 elementor-top-column elementor-element elementor-element-fcc105a\" data-id=\"fcc105a\" data-element_type=\"column\" data-e-type=\"column\">\n\t\t\t<div class=\"elementor-widget-wrap elementor-element-populated\">\n\t\t\t\t\t\t<div class=\"elementor-element elementor-element-5a5c973 elementor-widget elementor-widget-heading\" data-id=\"5a5c973\" data-element_type=\"widget\" data-e-type=\"widget\" data-widget_type=\"heading.default\">\n\t\t\t\t<div class=\"elementor-widget-container\">\n\t\t\t\t\t<h2 class=\"elementor-heading-title elementor-size-default\">OBJETIVOS GERAIS<\/h2>\t\t\t\t<\/div>\n\t\t\t\t<\/div>\n\t\t\t\t<div class=\"elementor-element elementor-element-f2c8d4a elementor-widget elementor-widget-text-editor\" data-id=\"f2c8d4a\" data-element_type=\"widget\" data-e-type=\"widget\" data-widget_type=\"text-editor.default\">\n\t\t\t\t<div class=\"elementor-widget-container\">\n\t\t\t\t\t\t\t\t\t<p style=\"text-align: justify;\">O PRM de Medicina de Fam\u00edlia e Comunidade do HUSF tem como objetivos:<\/p><ul style=\"text-align: justify; list-style-position: inside;\"><li><strong>Prestar cuidado integral e continuado:<\/strong> capacitar o m\u00e9dico a oferecer cuidados abrangentes e cont\u00ednuos para indiv\u00edduos e fam\u00edlias ao longo de suas vidas, abordando aspectos f\u00edsicos, emocionais e sociais da sa\u00fade.<br \/><br \/><\/li><li><strong>Promover a sa\u00fade comunit\u00e1ria:<\/strong> habilitar o m\u00e9dico a desenvolver e implementar estrat\u00e9gias de promo\u00e7\u00e3o da sa\u00fade e preven\u00e7\u00e3o de doen\u00e7as, considerando as necessidades e caracter\u00edsticas espec\u00edficas da comunidade em que atua.<br \/><br \/><\/li><li><strong>Fortalecer a rela\u00e7\u00e3o m\u00e9dico-paciente:<\/strong> ensinar a import\u00e2ncia das rela\u00e7\u00f5es de confian\u00e7a e respeito m\u00fatuo com os pacientes e suas fam\u00edlias, promovendo uma comunica\u00e7\u00e3o clara e emp\u00e1tica.<br \/><br \/><\/li><li><strong>Desenvolver habilidades de gest\u00e3o em sa\u00fade:<\/strong> preparar o m\u00e9dico para gerenciar recursos de sa\u00fade eficientemente, participar na coordena\u00e7\u00e3o do cuidado e integrar servi\u00e7os de sa\u00fade em benef\u00edcio do paciente e da comunidade.<br \/><br \/><\/li><li><strong>Incentivar a pr\u00e1tica baseada em evid\u00eancias:<\/strong> fomentar o uso de evid\u00eancias cient\u00edficas atualizadas na tomada de decis\u00f5es cl\u00ednicas, garantindo que as pr\u00e1ticas adotadas sejam eficazes e seguras.<br \/><br \/><\/li><li><strong>Promover a educa\u00e7\u00e3o em sa\u00fade:<\/strong> capacitar o m\u00e9dico a educar pacientes e comunidades sobre quest\u00f5es de sa\u00fade, apoiando a autogest\u00e3o e empoderamento dos pacientes em rela\u00e7\u00e3o \u00e0 sua sa\u00fade.<br \/><br \/><\/li><li><strong>Abordar determinantes sociais da sa\u00fade:<\/strong> ensinar a import\u00e2ncia de considerar fatores sociais, econ\u00f4micos e ambientais que afetam a sa\u00fade dos indiv\u00edduos e comunidades, promovendo interven\u00e7\u00f5es que melhorem o bem-estar geral.<br \/><br \/><\/li><li><strong>Fomentar o aprendizado cont\u00ednuo e aut\u00f4nomo:<\/strong> estimular a busca constante por novos conhecimentos e habilidades, garantindo que o m\u00e9dico de fam\u00edlia esteja sempre preparado para enfrentar desafios emergentes na sa\u00fade.<\/li><\/ul>\t\t\t\t\t\t\t\t<\/div>\n\t\t\t\t<\/div>\n\t\t\t\t\t<\/div>\n\t\t<\/div>\n\t\t\t\t\t<\/div>\n\t\t<\/section>\n\t\t\t\t<\/div>\n\t\t","protected":false},"excerpt":{"rendered":"<p>INSCREVA-SE Supervis\u00e3o Supervisor: Marislene Pulsena Da Cunha NunesSuplente de supervisor: Especialidade de Medicina de Fam\u00edlia e Comunidade Matriz de compet\u00eancias ACESSAR MATRIZ DE COMPET\u00caNCIAS OBJETIVOS GERAIS O PRM de Medicina de Fam\u00edlia e Comunidade do HUSF tem como objetivos: Prestar cuidado integral e continuado: capacitar o m\u00e9dico a oferecer cuidados abrangentes e cont\u00ednuos para indiv\u00edduos [&hellip;]<\/p>\n","protected":false},"author":1,"featured_media":0,"parent":0,"menu_order":0,"comment_status":"closed","ping_status":"closed","template":"","meta":{"footnotes":""},"class_list":["post-351","page","type-page","status-publish","hentry"],"_links":{"self":[{"href":"https:\/\/husf.org.br\/residencia\/wp-json\/wp\/v2\/pages\/351","targetHints":{"allow":["GET"]}}],"collection":[{"href":"https:\/\/husf.org.br\/residencia\/wp-json\/wp\/v2\/pages"}],"about":[{"href":"https:\/\/husf.org.br\/residencia\/wp-json\/wp\/v2\/types\/page"}],"author":[{"embeddable":true,"href":"https:\/\/husf.org.br\/residencia\/wp-json\/wp\/v2\/users\/1"}],"replies":[{"embeddable":true,"href":"https:\/\/husf.org.br\/residencia\/wp-json\/wp\/v2\/comments?post=351"}],"version-history":[{"count":35,"href":"https:\/\/husf.org.br\/residencia\/wp-json\/wp\/v2\/pages\/351\/revisions"}],"predecessor-version":[{"id":930,"href":"https:\/\/husf.org.br\/residencia\/wp-json\/wp\/v2\/pages\/351\/revisions\/930"}],"wp:attachment":[{"href":"https:\/\/husf.org.br\/residencia\/wp-json\/wp\/v2\/media?parent=351"}],"curies":[{"name":"wp","href":"https:\/\/api.w.org\/{rel}","templated":true}]}}

Medicina de Família e Comunidade

<style>.elementor-351 .elementor-element.elementor-element-66dd4ff{margin-top:50px;margin-bottom:50px;padding:0px 0px 0px 0px;}.elementor-351 .elementor-element.elementor-element-06eb378 .elementor-button{font-size:20px;font-weight:600;text-decoration:none;fill:#FFFFFF;color:#FFFFFF;background-color:var( --e-global-color-872c058 );}.elementor-351 .elementor-element.elementor-element-06eb378 > .elementor-widget-container{margin:0px 0px 40px 0px;}.elementor-351 .elementor-element.elementor-element-07ec251{margin-top:50px;margin-bottom:50px;padding:0px 0px 0px 0px;}.elementor-351 .elementor-element.elementor-element-10cfa5f .elementor-heading-title{font-size:20px;text-transform:uppercase;color:var( --e-global-color-872c058 );}.elementor-351 .elementor-element.elementor-element-b8d4f8f .elementor-heading-title{font-size:20px;text-transform:uppercase;color:var( --e-global-color-872c058 );}.elementor-351 .elementor-element.elementor-element-3d3a7ed{margin-top:50px;margin-bottom:50px;padding:0px 0px 0px 0px;}.elementor-351 .elementor-element.elementor-element-5a5c973 .elementor-heading-title{font-size:20px;text-transform:uppercase;color:var( --e-global-color-872c058 );}:root{--page-title-display:none;}@media(min-width:768px){.elementor-351 .elementor-element.elementor-element-16329a1{width:43.246%;}.elementor-351 .elementor-element.elementor-element-e83d8b2{width:56.754%;}}</style>		<div data-elementor-type="wp-page" data-elementor-id="351" class="elementor elementor-351" data-elementor-post-type="page">
						<section class="elementor-section elementor-top-section elementor-element elementor-element-66dd4ff elementor-section-boxed elementor-section-height-default elementor-section-height-default" data-id="66dd4ff" data-element_type="section" data-e-type="section">
						<div class="elementor-container elementor-column-gap-default">
					<div class="elementor-column elementor-col-50 elementor-top-column elementor-element elementor-element-16329a1" data-id="16329a1" data-element_type="column" data-e-type="column">
			<div class="elementor-widget-wrap elementor-element-populated">
						<div class="elementor-element elementor-element-6f575c3 elementor-widget elementor-widget-image" data-id="6f575c3" data-element_type="widget" data-e-type="widget" data-widget_type="image.default">
				<div class="elementor-widget-container">
															<img fetchpriority="high" decoding="async" width="800" height="534" src="https://husf.org.br/residencia/wp-content/uploads/2025/01/PRM-de-Medicina-de-Familia-e-Comunidade-1024x683.jpg" class="attachment-large size-large wp-image-354" alt="" srcset="https://husf.org.br/residencia/wp-content/uploads/2025/01/PRM-de-Medicina-de-Familia-e-Comunidade-1024x683.jpg 1024w, https://husf.org.br/residencia/wp-content/uploads/2025/01/PRM-de-Medicina-de-Familia-e-Comunidade-300x200.jpg 300w, https://husf.org.br/residencia/wp-content/uploads/2025/01/PRM-de-Medicina-de-Familia-e-Comunidade-768x512.jpg 768w, https://husf.org.br/residencia/wp-content/uploads/2025/01/PRM-de-Medicina-de-Familia-e-Comunidade.jpg 1170w" sizes="(max-width: 800px) 100vw, 800px" />															</div>
				</div>
					</div>
		</div>
				<div class="elementor-column elementor-col-50 elementor-top-column elementor-element elementor-element-e83d8b2" data-id="e83d8b2" data-element_type="column" data-e-type="column">
			<div class="elementor-widget-wrap elementor-element-populated">
						<div class="elementor-element elementor-element-06eb378 elementor-align-left elementor-widget elementor-widget-button" data-id="06eb378" data-element_type="widget" data-e-type="widget" data-widget_type="button.default">
				<div class="elementor-widget-container">
									<div class="elementor-button-wrapper">
					<a class="elementor-button elementor-button-link elementor-size-sm" href="https://www.aremg.org.br/processos-atuais">
						<span class="elementor-button-content-wrapper">
									<span class="elementor-button-text">INSCREVA-SE</span>
					</span>
					</a>
				</div>
								</div>
				</div>
					</div>
		</div>
					</div>
		</section>
				<section class="elementor-section elementor-top-section elementor-element elementor-element-07ec251 elementor-section-boxed elementor-section-height-default elementor-section-height-default" data-id="07ec251" data-element_type="section" data-e-type="section">
						<div class="elementor-container elementor-column-gap-default">
					<div class="elementor-column elementor-col-50 elementor-top-column elementor-element elementor-element-edddfcc" data-id="edddfcc" data-element_type="column" data-e-type="column">
			<div class="elementor-widget-wrap elementor-element-populated">
						<div class="elementor-element elementor-element-10cfa5f elementor-widget elementor-widget-heading" data-id="10cfa5f" data-element_type="widget" data-e-type="widget" data-widget_type="heading.default">
				<div class="elementor-widget-container">
					<h2 class="elementor-heading-title elementor-size-default">Supervisão</h2>				</div>
				</div>
				<div class="elementor-element elementor-element-db8e464 elementor-widget elementor-widget-text-editor" data-id="db8e464" data-element_type="widget" data-e-type="widget" data-widget_type="text-editor.default">
				<div class="elementor-widget-container">
									<p><strong>Supervisor:</strong> Marislene Pulsena Da Cunha Nunes<br /><strong>Suplente de supervisor:</strong></p>								</div>
				</div>
					</div>
		</div>
				<div class="elementor-column elementor-col-50 elementor-top-column elementor-element elementor-element-1bfc6da" data-id="1bfc6da" data-element_type="column" data-e-type="column">
			<div class="elementor-widget-wrap elementor-element-populated">
						<div class="elementor-element elementor-element-b8d4f8f elementor-widget elementor-widget-heading" data-id="b8d4f8f" data-element_type="widget" data-e-type="widget" data-widget_type="heading.default">
				<div class="elementor-widget-container">
					<h2 class="elementor-heading-title elementor-size-default">Especialidade de Medicina de Família e Comunidade</h2>				</div>
				</div>
				<div class="elementor-element elementor-element-439639c elementor-widget elementor-widget-text-editor" data-id="439639c" data-element_type="widget" data-e-type="widget" data-widget_type="text-editor.default">
				<div class="elementor-widget-container">
									<p><b>Matriz de competências</b></p><p><span style="color: #000000;"><a style="color: #000000;" href="https://husf.org.br/residencia/wp-content/uploads/2025/01/Matriz-Medicina-Familia-e-Comunidade-3.pdf" target="_blank" rel="noopener">ACESSAR MATRIZ DE COMPETÊNCIAS</a></span></p>								</div>
				</div>
					</div>
		</div>
					</div>
		</section>
				<section class="elementor-section elementor-top-section elementor-element elementor-element-3d3a7ed elementor-section-boxed elementor-section-height-default elementor-section-height-default" data-id="3d3a7ed" data-element_type="section" data-e-type="section">
						<div class="elementor-container elementor-column-gap-default">
					<div class="elementor-column elementor-col-100 elementor-top-column elementor-element elementor-element-fcc105a" data-id="fcc105a" data-element_type="column" data-e-type="column">
			<div class="elementor-widget-wrap elementor-element-populated">
						<div class="elementor-element elementor-element-5a5c973 elementor-widget elementor-widget-heading" data-id="5a5c973" data-element_type="widget" data-e-type="widget" data-widget_type="heading.default">
				<div class="elementor-widget-container">
					<h2 class="elementor-heading-title elementor-size-default">OBJETIVOS GERAIS</h2>				</div>
				</div>
				<div class="elementor-element elementor-element-f2c8d4a elementor-widget elementor-widget-text-editor" data-id="f2c8d4a" data-element_type="widget" data-e-type="widget" data-widget_type="text-editor.default">
				<div class="elementor-widget-container">
									<p style="text-align: justify;">O PRM de Medicina de Família e Comunidade do HUSF tem como objetivos:</p><ul style="text-align: justify; list-style-position: inside;"><li><strong>Prestar cuidado integral e continuado:</strong> capacitar o médico a oferecer cuidados abrangentes e contínuos para indivíduos e famílias ao longo de suas vidas, abordando aspectos físicos, emocionais e sociais da saúde.<br /><br /></li><li><strong>Promover a saúde comunitária:</strong> habilitar o médico a desenvolver e implementar estratégias de promoção da saúde e prevenção de doenças, considerando as necessidades e características específicas da comunidade em que atua.<br /><br /></li><li><strong>Fortalecer a relação médico-paciente:</strong> ensinar a importância das relações de confiança e respeito mútuo com os pacientes e suas famílias, promovendo uma comunicação clara e empática.<br /><br /></li><li><strong>Desenvolver habilidades de gestão em saúde:</strong> preparar o médico para gerenciar recursos de saúde eficientemente, participar na coordenação do cuidado e integrar serviços de saúde em benefício do paciente e da comunidade.<br /><br /></li><li><strong>Incentivar a prática baseada em evidências:</strong> fomentar o uso de evidências científicas atualizadas na tomada de decisões clínicas, garantindo que as práticas adotadas sejam eficazes e seguras.<br /><br /></li><li><strong>Promover a educação em saúde:</strong> capacitar o médico a educar pacientes e comunidades sobre questões de saúde, apoiando a autogestão e empoderamento dos pacientes em relação à sua saúde.<br /><br /></li><li><strong>Abordar determinantes sociais da saúde:</strong> ensinar a importância de considerar fatores sociais, econômicos e ambientais que afetam a saúde dos indivíduos e comunidades, promovendo intervenções que melhorem o bem-estar geral.<br /><br /></li><li><strong>Fomentar o aprendizado contínuo e autônomo:</strong> estimular a busca constante por novos conhecimentos e habilidades, garantindo que o médico de família esteja sempre preparado para enfrentar desafios emergentes na saúde.</li></ul>								</div>
				</div>
					</div>
		</div>
					</div>
		</section>
				</div>

<p>INSCREVA-SE Supervisão Supervisor: Marislene Pulsena Da Cunha NunesSuplente de supervisor: Especialidade de Medicina de Família e Comunidade Matriz de competências ACESSAR MATRIZ DE COMPETÊNCIAS OBJETIVOS GERAIS O PRM de Medicina de Família e Comunidade do HUSF tem como objetivos: Prestar cuidado integral e continuado: capacitar o médico a oferecer cuidados abrangentes e contínuos para indivíduos [&hellip;]</p>
